ber?
False
Suppose 140104 + 365520 = 56*b. Is b prime?
True
Let w(c) = -51*c + 23. Let k(f) = f + 1. Let q(r) = -2*k(r) - w(r). Is q(12) a composite number?
False
Let g(c) = c**2 - 7*c - 16. Let x be g(9). Suppose -x*t - 3*t + 22 = i, 5*t = -5*i + 210. Is i a composite number?
False
Let m = -3453 - -4924. Is m prime?
True
Let m be (12/10)/(24/(-60)). Let f(z) = -8*z**2 + 5*z + 5. Let a be f(m). Let l = a + 128. Is l a composite number?
True
Is (-2141)/(147/(-35) + 3 + 1) prime?
False
Is (-2)/(-3)*(2574992/32 + 11) a composite number?
False
Let v(g) = -2*g**3 - 27*g**2 - g - 11. Is v(-18) prime?
False
Let c(f) = -f**2 - 4*f + 10. Let x be c(-5). Suppose -4*n + x*v = -n - 13, -n = 2*v + 3. Is (n - (-2 - -6)) + 194 a prime number?
True
Let r(y) = -15*y**3 - 4*y**2 - 10*y + 1. Is r(-4) prime?
True
Suppose 5*n = 5, -m = -5*n + 28 - 11. Let y = m - -20. Let c = y - -23. Is c prime?
True
Let w(l) = -2097*l + 37. Is w(-22) a prime number?
True
Suppose -16615 - 19750 = -7*q. Is q a composite number?
True
Suppose 0 = -5*f + 25 + 20. Suppose 0 = -x - 78 - f. Is 0 - (4 + -3)*x composite?
True
Suppose 4*h = 6*h - 6344. Suppose 139 = -9*s + h. Is s prime?
True
Let j be 1*((-764)/4 - -3). Let n = j + 281. Suppose 0*r - n = -r. Is r prime?
False
Is (-7 + (-145)/(-25))/((-2)/985) a prime number?
False
Suppose 0*z = z - 2*a - 1, 3*z - 6 = 3*a. Suppose -13 = -5*q + 2*y, z*q = -y + 2 + 8. Suppose -95 = -g - q*l, 4*l - 39 = g - 106. Is g a prime number?
True
Let j = 8 - 30. Let z = j + 21. Let g(x) = -110*x**3 - 2*x**2 + 1. Is g(z) prime?
True
Suppose 3*c + 5*n - 437 = n, -5*n - 775 = -5*c. Let j = c - -298. Is j a composite number?
False
Let g(w) = 95*w + 10. Let h be g(7). Is h + (0 - -2)/(-2)*1 a composite number?
True
Let u(q) = 1202*q + 59. Is u(3) a composite number?
True
Suppose 3*p - 1228 = 5*p. Suppose 6*f = -2*u + 974, 407 + 2028 = 5*u - 4*f. Let k = u - p. Is k prime?
False
Let f be 4 + (-15 + 3)*-1. Suppose 5*d + f = 2*k, 4*k = 5*d - k + 25. Is (-1099 - 2)*d/3 a prime number?
False
Let h(o) = -2*o**2 - 15*o + 34. Let m be h(-10). Let j = 53 + -83. Let g = m - j. Is g composite?
True
Let g(y) = -y - 4. Let f be g(0). Is (-1)/(f + (-15105)/(-3777)) prime?
True
Suppose -3*c + 13502 = -4435. Is c a composite number?
True
Let u = 8 - 8. Suppose 65 = -4*s + 9*s. Is -4 + (2 - u) + s prime?
True
Let t = 55 + -35. Let i(p) = 184*p**2 + 3*p - 2. Let w be i(1). Is w/t*104/2 a composite number?
True
Suppose -2*g - n - 2*n = 25, 3*n + 40 = -5*g. Let s(k) = 2*k**2 + k - 3. Let r be s(g). Is 6/(-9)*r/(-2) a prime number?
False
Suppose -d = 397 + 331. Let a = -249 - d. Is a prime?
True
Suppose -110475 = -23*c + 721964. Is c a prime number?
False
Suppose -15 = -3*p, 2*n - 16 = -2*p + 10. Is (28/n)/(-7)*-10690 composite?
True
Let s be (-3)/(-1 - (-20)/35). Let g = -4 + s. Suppose 3*t + 2*t = 2*q + 2399, g*q - 952 = -2*t. Is t a composite number?
False
Suppose -t + 32059 = 3*m, t + 16179 = 4*m - 26571. Is m a prime number?
True
Is -4*(-6 + 4) - -18423 prime?
False
Suppose -o = g - 4, 3*g + 6*o - 16 = 2*o. Let w = 133 - g. Is w a prime number?
False
Let i = -50 + 59. Suppose 0 = 3*m - 2*s - 1338, -2*m + 0*s - 4*s + 876 = 0. Suppose 0 = i*h - 13*h + m. Is h prime?
False
Suppose 205 - 725 = 2*k. Let v be (-1)/(4 + 1038/k). Let i = v - -219. Is i a prime number?
True
Let q = 3 - 3. Suppose -g - 8 + 4 = q. Is (-1 - g)/(6/218) a prime number?
True
Suppose 0 = -5*o + 5*d + 65, -3*o + 46 = -2*d + 6. Let q = o - 11. Suppose q*k = -k + 296. Is k a composite number?
True
Suppose 0 = 12*x - 25453 - 30983. Is x composite?
False
Let m = 46252 + -27305. Is m composite?
False
Let m = -6 + 8. Suppose 297*s - 288*s = 1269. Suppose 168 = m*b - w, s - 398 = -3*b - w. Is b prime?
False
Let t be 49 + (-3)/((-9)/6). Suppose -16*x - 4 = -18*x. Let o = t - x. Is o a prime number?
False
Let k(t) = t**2 - 3*t - 5. Let x be k(6). Let w = -9 + x. Suppose 0 = -q - w, -5*j + 3*q + q + 1881 = 0. Is j composite?
False
Is (3 - (-28)/(-8))*(1 - 16443) composite?
False
Let m(j) = 91*j**2 + 2*j + 1. Let o = 9 + -6. Let c be m(o). Let k = c + -263. Is k a composite number?
False
Let a = -811 - -6144. Is a a composite number?
False
Suppose 4*z - 2*z = 60. Let j be 2/(-8) + (-276)/(-16). Let m = z - j. Is m composite?
False
Suppose 5*q - 298 = -1328. Let f = -987 + 1416. Let c = q + f. Is c composite?
False
Let w = -5 + 1. Let m = w + 7. Suppose -m*g + 2361 = -0*g. Is g prime?
True
Suppose 0 = 22*m - 11762 + 2016. Is m a prime number?
True
Suppose -2*r + 3*r = 10. Let n be ((-8)/6)/(r/(-915)). Is n/((-1)/(2 - 3)) a composite number?
True
Is (12 - 12) + (-446)/2*-5 a composite number?
True
Let c(s) = 3*s**2 - s. Let f be c(-1). Let z be (1 - f) + 3 - -20. Suppose 3*a + 5*x - 62 = z, -4*a - 5*x = -101. Is a a prime number?
True
Suppose 5*n - 2 = 6*n - 5*m, -2*n - 2*m = -8. Suppose 0 = -n*l - o + 14, 0*o + 2*o = -5*l + 25. Suppose 1270 = 5*f + l*h, -2*f + 768 = f + 3*h. Is f prime?
True
Is (-4)/(320/(-9573050)) - (-2)/(-16) a composite number?
True
Let j(w) = -w**3 + 522 - 44 + w - 63. Is j(0) composite?
True
Suppose 14*i - 19*i + 3508 = 3*p, -3504 = -5*i + p. Is i prime?
True
Let p(s) = -s**2 - 10*s - 13. Let x be p(-10). Let m = x - -15. Is m/6 - 3840/(-9) prime?
False
Let v(o) = -o - 1. Let k be v(-4). Let c = -26 + 26. Is 181 - k - (c + 0) a prime number?
False
Let f = 978 - -2489. Suppose 4*s = -g - s + 671, 5*g = 3*s + f. Is g prime?
True
Let l be 4/(-12) - (-3 + (-32)/(-12)). Let j = l + 6449. Is j prime?
True
Let m(r) = r**3 - 6*r**2 + r + 4. Let l be m(5). Let i = l - -25. Suppose 3*c - c - h = 17, -3*h = i. Is c composite?
False
Suppose -4*d = -2*v - 169 - 1679, -2*v - 5*d - 1830 = 0. Let h = 83 - v. Is h prime?
False
Let y be -69*3/((-3)/(-37)). Let q = y + 4136. Is q prime?
True
Let u(l) = 7*l - 3. Let o(s) = 21*s - 9. Let j(x) = -2*o(x) + 7*u(x). Let p be j(-2). Let b = 6 - p. Is b prime?
True
Let x be ((338/(-4))/(-13))/(2/(-168)). Let p = 797 + x. Is p a composite number?
False
Suppose 2*h = 3*g + 6146, 3753 = -4*h + 5*g + 16041. Is h a composite number?
False
Suppose 2*k - 7 - 121 = 0. Is 16/k - ((-103881)/12 - 0) a prime number?
False
Let i be (-2)/8 - 617/(-4). Let b(l) = -4*l**2 - 23*l - 16. Let j be b(-5). Is i - (j + (4 - 6)) a prime number?
True
Let i(g) = 98*g**3 + 3*g**2 - 10*g + 20. Is i(5) a prime number?
False
Suppose -4*x + 6221 = 3*u, -2*u + 7*u - 3*x = 10349. Is u composite?
True
Suppose d + 50452 = 6*d + p, 2*d + 2*p - 20176 = 0. Is d a prime number?
True
Suppose -4*a + 3*k = -2*a + 5, a = 3*k - 4. Let s(p) = -678*p**3 + 3*p**2 + 2*p. Is s(a) a composite number?
True
Is (-9 - 498/(-3))*7 a composite number?
True
Let q(z) = -805*z + 727*z + 7 + 1. Is q(-7) composite?
True
Let d be (-16)/(-3)*(-18)/(-12). Is ((-284)/6)/(d/(-204)) prime?
False
Let f be (-10)/(4/(-2) + 1). Suppose -4*g - 15 + 31 = 0. Is (-23)/2*(g - f) a composite number?
True
Let r = -1489 - -2762. Is r a composite number?
True
Suppose 10*y = 14*y - 3152. Suppose -6*s + 1954 = -y. Is s a prime number?
True
Let u(x) = 340*x - 21. Let b be u(7). Suppose 7*p - b = 308. Is p prime?
False
Is 3003/(-308)*(6391/(-3) - -1) a composite number?
True
Suppose 5 = b - 0. Suppose -2*c + 122 = 2*k, b*k = 2*k - c + 179. Suppose -q = -8 - k. Is q composite?
False
Let p(q) be the second derivative of q**5/2 + q**4/3 - q**3/3 - 7*q**2/2 - 4*q. Is p(3) a prime number?
True
Is (-4585 + -1)*(22/(-4) + 5) composite?
False
Let o(c) = c**3 + 5*c**2 + 5*c + 2. Let q be o(-3). Suppose 2*b - 833 = -3*b + 3*g, q*b - 834 = 4*g. Is b prime?
False
Let j be 5/20 - 8078/(-8). Let r = j + -103. Is r a composite number?
False
Let u(b) = 67*b**2 - 4. Let w = 50 + -47. Is u(w) composite?
False
Let x = 2 - 1. Let t = -54 - -111. Let o = x + t. Is o composite?
True
Let m(x) = -10 + 8*x + 2*x**2 + 3 + 14*x**2. Is m(12) a composite number?
False
Let h be (3 - -1 - 1 - -17) + 0. Suppose -4*n - 1 = -21. Let j = h - n. Is j a prime number?
False
Let r be -2 + 33/3 + 0. Suppose 5*h = 4*o + 98, 0*h - 5*o = h - 37. Let g = h - r. Is g a prime number?
True
Let u = -35 - -24. Let h = 2 - u. Is h a composite number?
False
Let z = 47661 + -21044. Is z a composite number?
True
Let x(t) = -15*t - 10. Let d be x(-5). Suppose -d - 1 = -6*p. Is (4 + -30)*p/(-2) a prime 